12 - (-2 - 7 - -9)?
12
What is the value of 1 + 8 + (-5 - -4) + -4?
4
Calculate (6 - (-7 - (-1 + -7))) + -13.
-8
Evaluate (4 - 12) + (11 + -4 - 23 - -10).
-14
What is -19 + 17 + 6 + 2?
6
-7 - (6 + -15 + -2) - 12
-8
What is 2 + -18 + 1 + (-837 - -823)?
-29
Calculate 20 + (11 - -14) + -40.
5
What is the value of 20 - 0 - (22 + -5 - 37)?
40
What is -4 + -12 + 24 + -16?
-8
What is the value of 28 + (11 + -4 + 3 - 9 - 5)?
24
(-9 - 1) + -35 + 46
1
What is 14 + -8 + 4 - -3?
13
What is (13 - 4) + 10 + -6 - 8?
5
What is 12 + -25 - (0 + (6 - -5) + -7)?
-17
Calculate 9 + (-13 - 2) + 2 + -4.
-8
What is 1 - ((1 - -2) + (-3 - -4 - 0))?
-3
Evaluate (-40 - -70) + 19 + -72.
-23
Calculate (-5 - -13) + 2 - (-65 - -93).
-18
Evaluate -35 + 39 + (-8 - 6).
-10
(-2 + 1 - (5 + -2)) + (13 - -3)
12
-22 + -11 + 9 + 9
-15
Calculate -3 + (-2 - -4) + -7 + 1 + 13.
6
(-11 - ((-14 - 6) + -1)) + -16
-6
6 - 0 - (14 + -7 + -5) - 4
0
What is the value of 3 + (3 - 2) - 4 - 3?
-3
What is (-4 - 0) + (-6 + -22 - -26)?
-6
What is the value of -16 + (17 - (15 + -3))?
-11
What is ((14 - 3) + -3 - (-19 - -17)) + -33?
-23
-5 + (8 - 7) + 10 + 0
6
Evaluate (5 - 0) + (24 - 23) + 1 + 8.
15
Evaluate (28 - 37) + (9 - 8).
-8
Evaluate -11 - (1 + -16) - (-2 - 1).
7
What is -15 + 10 + (-15 - ((2 - 15) + 6))?
-13
Calculate -13 - (-16 - -13) - -11.
1
What is -7 - (-4 + (-18 - -13))?
2
What is the value of (-4 - 2) + (36 - -1) + -85 + 79?
25
What is the value of 2 + 12 - (-23 + 16 - (-3 + -3))?
15
What is -51 - (-9 + -18) - -43?
19
Evaluate 8 + 0 + (169 - 180).
-3
What is the value of (-1 - -29) + 9 + -26 + 9?
20
Calculate -3 + 11 + (-12 - -11) + -4.
3
Calculate -1 - (-9 - -1) - (4 - -2).
1
Evaluate 16 + (27 + -46 - -23).
20
(-9 - 0) + (61 - 49 - 10)
-7
What is 0 + -5 - 0 - (-14 - (10 - 26))?
-7
Evaluate 9 - (-7 + 5 - -13).
-2
Calculate (3 - 36) + 15 + (-7 - 6).
-31
5 - (0 + 1) - (35 - 43 - -7)
5
What is the value of (-8 + (-8 - 6) - -10) + 1 + 4?
-7
Calculate 29 - (2 + 15 + -1).
13
What is the value of 18 - 17 - (3 + 4)?
-6
Evaluate 49 + -59 - (17 - 33).
6
What is the value of 5 - -17 - (6 + 5 + -2)?
13
What is the value of -9 + 10 + 4 + (6 - 7)?
4
Calculate -12 + 0 - ((-18 - (-27 - -11)) + -4).
-6
What is -8 + 2 + 5 + -4 + -3 + 25?
17
0 + -6 - (29 - 47) - 9
3
(-2 - 7) + (6 - (5 - (-16 + 7)))
-17
What is (6 - -27 - 7) + 1 - (19 + -26)?
34
(-30 + -24 - -7) + 30
-17
What is 61 + -77 - (2 + 11 - 0)?
-29
Calculate -21 + (-3 - -5) - (52 + -59).
-12
Evaluate (-25 - (4 - (9 - -15))) + (0 - -4).
-1
What is -12 + -1 + 7 + -20 + 11?
-15
Calculate -48 + 53 - (19 - -6).
-20
5 - 15 - (-1 - 12) - 2
1
What is -1 - (1 - (-5 - (-10 + -1)))?
4
What is the value of -6 + (-1 - 1) + 3 + -3 + 16?
8
(1 - (-2 + 0)) + -690 + 683
-4
-13 + (1 - (6 - (-4 - -7)))
-15
(-11 - -6) + -4 + 27 - (1 - 6)
23
What is 11 + 1 + (19 - -1)?
32
Calculate -2 + 1 + -10 - (11 - (-12 - -15)).
-19
What is -15 + (-15 - -4 - -43)?
17
-1 - ((-41 - -15) + 8) - 5
12
Evaluate -10 - ((2 - 3 - -2) + (-2 - 1)).
-8
Calculate 4 + (-6 + 10 - 0 - (-2 + 13)).
-3
(-12 - -16) + 3 + 6 + -10
3
Calculate (-9 - (13 + -5)) + 9.
-8
Calculate 1 + 0 - (-59 + 59 - (13 + -3)).
11
0 + -3 + -7 + (-5 - -11)
-4
-12 + (85 + -33 - 4)
36
(-7 - -3 - -41) + -65 + 47
19
Evaluate -11 - (16 - 27) - (27 - (8 - 0)).
-19
Evaluate (-5 - (-10 + 7 + 11)) + 8.
-5
What is (-1 - 2) + -17 + 12 - -9?
1
Calculate -1 + -2 - (25 + -22 - (-1 + 5)).
-2
Evaluate -544 + 565 - (0 + 11).
10
What is 2 + -3 + -7 + 12 + -8?
-4
What is -4 - (17 + -5 + (-8 - -19))?
-27
What is the value of -10 + 6 + 1 + -5 + 1 + 20?
13
What is 3 - 1 - -6 - (559 + -535)?
-16
What is the value of -6 + -1 + 10 - 10 - (1 + 18)?
-26
What is -8 + (0 - (7 - 7))?
-8
Evaluate (-1 - 4) + (-6 - -1 - (247 + -281)).
24
What is 11 + (-3 - (0 + -5))?
13
-6 + 13 + (2 - 8)
1
Calculate 4 + (0 - -7 - ((-3 - -31) + -6)).
-11
4 - (4 - (3 + (-8 - -1) - -3))
-1
What is the value of 15 + -40 + 2 - -12?
-11
11 - 1 - (-20 - (2 - 33))
-1
Calculate 2 + 0 + 0 + (21 - 20) + 12.
15
Calculate -88 - -27 - -26 - -69.
34
Evaluate -7 + -4 + 2 + (19 - (6 - -11)).
-7
Calculate -7 + (26 - (1 + 2 + 2)) + -1.
13
Evaluate -12 - (-1 - -1) - (-45 - -25 - -16).
-8
What is the value of 3 + (4 - 10) + (-31 - -46)?
12
What is the value of 3 + 8 + -14 + (6 - 1 - -5)?
7
What is 7 + -6 - (0 + 0 + (1 - 3))?
3
What is the value of 21 - (-9 - -4) - 1?
25
What is 11 + -5 + (0 - 12) + 7 - 3?
-2
Calculate (8 - 49) + 41 + 1 + 5.
6
-10 + 2 + -9 + 6 + -2 + 5
-8
What is 10 - -1 - (5 + (7 - 11))?
10
28 - 29 - (3 + -1) - (-33 + -3)
33
What is 1 - -3 - (-37 + 37)?
4
Evaluate (-10 - -10) + (-6 - 2) - -5.
-3
13 - -6 - 12 - -5
12
What is the value of (1 - 8) + 1 + (-6 - 2) + 2?
-12
(7 + -4 - -14 - 13) + -12
-8
Calculate 2 + 0 + -4 + -7 + 18 + -6.
3
84 + -40 + -22 + (1 - 5)
18
Calculate (3 - 9 - (-5 + -5 + 10)) + -6.
-12
Calculate 10 + 0 + 1 + 1 + -19.
-7
Evaluate (6 + (-3 - -11) - 3) + -1.
10
Evaluate 2 + -1 + (10 - 3 - 6) - 2.
0
Calculate -4 + 10 - (-9 + 16) - (5 + 0).
-6
What is the value of -2 + (3 - (-2 - (2 - (4 + 1))))?
0
Calculate (22 - (-20 - -24)) + 2.
20
(1 - -7) + -1 + 0 + -9
-2
What is 198 + -201 + 21 + (-2 - (0 + -5))?
21
What is ((5 - -11) + -24 - 9) + 12?
-5
What is (5 - 15) + 1 - (-15 - -7)?
-1
What is -9 + -13 + -16 + 15 + 20?
-3
Evaluate -17 - (-9 - (2 + 5)).
-1
What is -5 + (24 - 1) + -6?
12
Calculate 17 - (2 + -10 + 5 + 5).
15
What is the value of 1 + 28 + (-96 - -47)?
-20
Calculate 26 + -4 + -12 - 13.
-3
What is (10 - 20) + 11 + -6?
-5
Calculate -5 + (3 - -1 - (26 - 34)).
7
Calculate -14 + 15 + -3 + (0 - 0) - -1.
-1
Calculate (3 + 1 - (-6 + 5)) + 106 + -110.
1
What is the value of -3 - (-3 + 0) - (52 + -49)?
-3
Calculate 11 + (20 + -50 - -28).
9
Calculate 28 - (21 - 38 - (-14 + -1)).
30
What is the value of -4 - (8 + (-9 - -6) + (1 - 1))?
-9
Calculate (-4 - 6 - -5) + 14 + (4 - 3).
10
What is the value of 0 + -23 + 5 + 0 + -10?
-28
Evaluate 8 + (21 - 25 - (1 - 7)).
10
Evaluate 18 - (17 - 17) - 4.
14
Calculate 10 + (3 + 0 + (17 - 12) - 17).
1
Evaluate -12 - 10 - -10 - ((0 - 5) + 0).
-7
-5 + (219 - 212) + -3 + 2 + -9
-8
What is the value of 10 + (-9 + 7 - -3) - -15?
26
What is the value of (18 + -5 - 10) + 3 + 3?
9
4 - (-10 - (-10 + 4 - 7))
1
What is -24 + (16 - -46) + (-16 - -1)?
23
What is 10 + (-2 - -8) + 3 + -1 + -9?
9
What is 1 - 18 - (-86 - -77)?
-8
Evaluate 18 + -26 + -4 - -40.
28
What is -153 + 109 + (-1 - -41)?
-4
What is the value of -194 - -220 - (3 + -3 + 13)?
13
(10 - 1) + 311 + -318
2
Calculate -1 - 30 - 1 - (144 + -158).
-18
-12 + -7 + 28 + 2 + -12 + 2
1
What is the value of -1 - -3 - 9 - (-1 - (13 - 12))?
-5
-3 - 5 - -6 - (1 - 30) - 4
23
7 - (-7 + (1 - (1 + -2)))
12
What is the value of -6 + 1 - 1 - (-129 - -120)?
3
What is the value of 0 - -5 - (-20 - -15)?
10
Calculate -8 + 6 + (7 + -8 - -1).
-2
Calculate -1 + (0 + 0 - 14) + (4113 - 4106).
-8
What is 12 + -40 + (28 - 17)?
-17
Evaluate 16 + -47 + (47 - 25).
-9
Calculate 24 - (16 - -3) - 2.
3
What is -33 - -16 - (-1 - 5 - (5 - 6))?
-12
Calculate (4 - 0) + 6 + (8 - 23) - 3.
-8
What is the value of -18 - -27 - (21 + -2) - 6?
-16
What is the value of (-28 + 24 - (10 - 4)) + -12?
-22
What is 11 + -16 + 8 + 2 + -5 + 0?
0
(-1 - -3 - -11) + (358 - 360)
11
What is (45 - 29) + -3 + -9 - -12?
16
What is the value of -70 + 73 - (1 - -6) - (10 - 2)?
-12
(-18 - (-16 + 1)) + -5
-8
What is 4 + -15 + (2 - -2) + (5 - 14)?
-16
What is the value of 7 - (17 + (5 - 12 - -8) + 0)?
-11
What is 3 - (-18 + 25 + -5)?
1
What is -10 + 1 + -8 + 7 - -23 - -5?
18
1 + 8 - (-16 + 19) - (16 - -1)
-11
Calculate -10 - (-1 - (5 + -8)).
-12
Calculate -33 + -3 + 12 + 15.
-9
What is the value of -408 + 416 + (-50 - -3)?
-39
Evaluate 1 - (-3 + 16 + -3 + 11 + 5).
-25
20 - (9 + -13 + 9)
15
Evaluate 20 + -1 + -7 + 7 + 2 - 1.
20
34 + 0 + 25 + -59
0
What is -23 + (51 + -36 - -1)?
-7
What is the value of (5 - 7) + 33 - 17?
14
Calculate 4 + 2 - (-10 - (4 - 9)).
11
546 - 536 - (1 + 20)
-11
3 + 2 + 1 + -4 - (8 - 14)
8
Calculate -23 + (6 - (-14 - 0)).
-3
What is the value of 2 + 8 - (4 - -2)?
4
-4 + (6 - (-8 + 33)) + 11
-12
What is -7 - (34 - (9 + 13))?
-19
Calculate 2 + (6 - 2 - -2 - -8) + -7.
9
4 + (-3 - 11 - (14 - (-6 + 18)))
-12
Calculate 7 + 18 + 9 + (-9 - (12 + -2)).
15
Evaluate 16 + (8 - (20 - (14 - 8))).
10
Evaluate (-23 - -13) + -1 + (-1 - -1).
